.
158
Calculate the remainder when 175837 is divided by 56.
53
Calculate the remainder when 1112 is divided by 581.
531
What is the remainder when 394180 is divided by 8?
4
What is the remainder when 1490 is divided by 467?
89
What is the remainder when 36109 is divided by 122?
119
What is the remainder when 33702 is divided by 16724?
254
Calculate the remainder when 1109019 is divided by 675.
669
What is the remainder when 115856 is divided by 332?
320
Calculate the remainder when 9259 is divided by 1321.
12
Calculate the remainder when 52428 is divided by 364.
12
What is the remainder when 214 is divided by 208?
6
What is the remainder when 1105957 is divided by 10?
7
What is the remainder when 17373 is divided by 90?
3
Calculate the remainder when 36958 is divided by 36.
22
What is the remainder when 28838 is divided by 40?
38
Calculate the remainder when 80638 is divided by 252.
250
Calculate the remainder when 45786 is divided by 654.
6
Calculate the remainder when 26575 is divided by 97.
94
What is the remainder when 7990 is divided by 127?
116
What is the remainder when 498100 is divided by 81?
31
Calculate the remainder when 17846 is divided by 33.
26
What is the remainder when 46241 is divided by 340?
1
Calculate the remainder when 216153 is divided by 108.
45
What is the remainder when 12221 is divided by 126?
125
Calculate the remainder when 601109 is divided by 45.
44
Calculate the remainder when 2374 is divided by 2365.
9
Calculate the remainder when 8459 is divided by 4196.
67
Calculate the remainder when 2778 is divided by 100.
78
Calculate the remainder when 12109 is divided by 1859.
955
What is the remainder when 63873 is divided by 159?
114
Calculate the remainder when 309 is divided by 309.
0
What is the remainder when 5470 is divided by 1087?
35
What is the remainder when 2904 is divided by 1448?
8
What is the remainder when 2822 is divided by 91?
1
Calculate the remainder when 842351 is divided by 336.
335
What is the remainder when 19025 is divided by 110?
105
What is the remainder when 66540 is divided by 2377?
2361
What is the remainder when 105435 is divided by 13178?
11
What is the remainder when 70746 is divided by 64?
26
Calculate the remainder when 2100754 is divided by 34.
30
What is the remainder when 2975 is divided by 732?
47
Calculate the remainder when 6934 is divided by 126.
4
What is the remainder when 86794 is divided by 62?
56
Calculate the remainder when 4141161 is divided by 62.
57
What is the remainder when 76997 is divided by 64?
5
Calculate the remainder when 6535 is divided by 486.
217
Calculate the remainder when 25905 is divided by 53.
41
What is the remainder when 4897 is divided by 42?
25
Calculate the remainder when 5023367 is divided by 252.
251
Calculate the remainder when 7711 is divided by 9.
7
What is the remainder when 4035 is divided by 805?
10
Calculate the remainder when 62451 is divided by 1301.
3
Calculate the remainder when 6286 is divided by 630.
616
What is the remainder when 454378 is divided by 14?
8
Calculate the remainder when 4973 is divided by 1285.
1118
Calculate the remainder when 12575 is divided by 16.
15
What is the remainder when 2568 is divided by 828?
84
Calculate the remainder when 3007 is divided by 162.
91
What is the remainder when 58251 is divided by 8316?
39
What is the remainder when 300508 is divided by 53?
51
What is the remainder when 86968 is divided by 85?
13
Calculate the remainder when 317199 is divided by 1220.
1219
Calculate the remainder when 6475 is divided by 190.
15
What is the remainder when 379704 is divided by 41?
3
Calculate the remainder when 226828 is divided by 226819.
9
What is the remainder when 31244 is divided by 93?
89
Calculate the remainder when 1566 is divided by 897.
669
Calculate the remainder when 45236 is divided by 119.
16
Calculate the remainder when 1280997 is divided by 71.
15
Calculate the remainder when 744903 is divided by 109.
106
Calculate the remainder when 615 is divided by 25.
15
Calculate the remainder when 23903 is divided by 649.
539
Calculate the remainder when 21479 is divided by 40.
39
What is the remainder when 56238 is divided by 1105?
988
Calculate the remainder when 338137 is divided by 220.
217
What is the remainder when 10173 is divided by 1402?
359
What is the remainder when 326152 is divided by 32?
8
What is the remainder when 108024 is divided by 2348?
16
Calculate the remainder when 16111 is divided by 129.
115
Calculate the remainder when 3262 is divided by 204.
202
What is the remainder when 8217 is divided by 685?
682
Calculate the remainder when 574 is divided by 271.
32
Calculate the remainder when 885181 is divided by 49.
45
Calculate the remainder when 29258 is divided by 27.
17
Calculate the remainder when 4826 is divided by 245.
171
Calculate the remainder when 21305 is divided by 2367.
2
What is the remainder when 6353 is divided by 120?
113
Calculate the remainder when 205815 is divided by 27.
21
What is the remainder when 19749 is divided by 267?
258
What is the remainder when 4175 is divided by 823?
60
What is the remainder when 27198 is divided by 33?
6
Calculate the remainder when 812561 is divided by 74.
41
Calculate the remainder when 34609 is divided by 3460.
9
Calculate the remainder when 2135 is divided by 711.
2
Calculate the remainder when 125425 is divided by 3.
1
Calculate the remainder when 25277 is divided by 43.
36
What is the remainder when 71255 is divided by 11811?
389
What is the remainder when 9060 is divided by 88?
84
Calculate the remainder when 3992 is divided by 3839.
153
Calculate the remainder when 24267 is divided by 18.
3
Calculate the remainder when 36651 is divided by 12216.
3
What is the remainder when 15290 is divided by 566?
8
What is the remainder when 8199 is divided by 1267?
597
Calculate the remainder when 15441 is divided by 642.
33
What is the remainder when 13160 is divided by 528?
488
What is the remainder when 183965 is divided by 61318?
11
What is the remainder when 291936 is divided by 441?
435
Calculate the remainder when 529613 is divided by 17.
12
Calculate the remainder when 63217 is divided by 614.
589
What is the remainder when 81063 is divided by 27012?
27
Calculate the remainder when 1479 is divided by 308.
247
Calculate the remainder when 168835 is divided by 1897.
2
Calculate the remainder when 22076 is divided by 166.
164
What is the remainder when 170765 is divided by 821?
818
What is the remainder when 21988 is divided by 204?
160
Calculate the remainder when 133936 is divided by 151.
150
Calculate the remainder when 142 is divided by 32.
14
Calculate the remainder when 78314 is divided by 2060.
34
Calculate the remainder when 2681 is divided by 62.
15
Calculate the remainder when 31229 is divided by 64.
61
What is the remainder when 1134 is divided by 144?
126
Calculate the remainder when 15843 is divided by 117.
48
Calculate the remainder when 4817 is divided by 140.
57
What is the remainder when 68635 is divided by 110?
105
Calculate the remainder when 2126 is divided by 425.
1
What is the remainder when 15918 is divided by 20?
18
What is the remainder when 1509 is divided by 1285?
224
Calculate the remainder when 8256 is divided by 1576.
376
Calculate the remainder when 39721 is divided by 4964.
9
What is the remainder when 40687 is divided by 1564?
23
What is the remainder when 5101 is divided by 2545?
11
What is the remainder when 89172 is divided by 2785?
52
Calculate the remainder when 855 is divided by 344.
167
What is the remainder when 135273 is divided by 239?
238
What is the remainder when 1144 is divided by 84?
52
What is the remainder when 999993 is divided by 125?
118
Calculate the remainder when 872 is divided by 272.
56
Calculate the remainder when 246005 is divided by 28.
25
What is the remainder when 186 is divided by 47?
45
What is the remainder when 126486 is divided by 17?
6
What is the remainder when 97090 is divided by 151?
148
What is the remainder when 144645 is divided by 246?
243
Calculate the remainder when 2419 is divided by 271.
251
What is the remainder when 18059 is divided by 10?
9
Calculate the remainder when 2445743 is divided by 157.
154
What is the remainder when 4786 is divided by 339?
40
